 Suppose j = -n*j. Let w(p) = -p**2 + p - 5. Give w(j).
-5
Suppose -3*v + 6 = -2*v. Let m be -20*(-4)/(32/4). Let c(s) = -m + 26 + 5*s - 10 - 6*s. Give c(v).
0
Let b(z) be the first derivative of -1/2*z**2 + 1 - z - 1/4*z**4 - z**3. Calculate b(-2).
-3
Let x(s) be the second derivative of -s**6/120 + s**5/10 - s**3/3 - s**2/2 + 7*s. Let l(f) be the first derivative of x(f). What is l(6)?
-2
Let o(j) = -6*j**2 - 7*j + 2. Suppose -4 = -16*r + 17*r - 2*b, 5*r - 5*b + 15 = 0. Determine o(r).
-8
Let k(n) = -3*n - 3*n**2 + n**2 + n**3 + 9 - n**2 + 0*n**2. Let g be k(2). Let r(x) = -6*x - 1. Calculate r(g).
5
Let u(k) = -2*k**3 - 8*k**2 - 7*k - 8. Let w(o) = -o**3 - o**2 + o. Let b(r) = -u(r) + w(r). What is b(-6)?
-4
Let u = -109 - -75. Let l = u + 42. Let f(g) = -g**3 + 8*g**2 + 5. What is f(l)?
5
Let c(b) = b**3 - 13*b**2 + 4. Suppose -32*y = -380 - 36. Calculate c(y).
4
Let r(z) = 3 - 6 + z**2 + 5. Let t(i) = 2*i**2 + 18*i + 31. Let q be t(-2). Calculate r(q).
11
Let x(y) = -y**2 - 3*y. Let b(q) = q**3 - 3*q**2 - q - 2. Let r = -6 + 10. Suppose -2*n + 0*n = -r*d + 2, -2*n + 10 = 0. Let u be b(d). Calculate x(u).
-10
Let i be (-85)/25 + 16/(-10) + 1. Let p(m) = -1. Let t(y) = y - 1. Let x(g) = i*t(g) + 4*p(g). Determine x(-1).
4
Let k(t) be the third derivative of t**5/60 + t**4/6 - 15*t**2 + 4*t. What is k(-3)?
-3
Suppose 0 = -3*r + 7*r - 16. Let b(t) = t**2 + 2*t - 5. Give b(r).
19
Let x(n) = 3*n + 4. Let r(o) = 10*o + 12. Let j(i) = -i**3 + 5*i**2 + 5*i + 1. Let z be j(6). Let u(l) = z*r(l) + 16*x(l). Determine u(-6).
16
Let n(t) = 0 - 3*t + 0 + 19 - 8 - 1. What is n(4)?
-2
Let q(h) = -h**2 - 21*h - 47. Suppose 0 = -37*t + 56*t + 342. Give q(t).
7
Let i(t) = t**3 - 5*t**2 + t - 3. Suppose -14 = 3*a + 16. Let x(o) = -o**2 - 6*o - 2. Let r be x(-5). Let s be a/r*(-3)/2. What is i(s)?
2
Let b(x) = -2*x**2 + 24. Suppose -4 = 3*s + 4*o, -11*s + 5*o = -14*s - 8. Determine b(s).
-8
Let o(y) be the second derivative of 1/6*y**3 - 6*y + 1/20*y**5 + 1/2*y**2 + 0 + 1/12*y**4. Give o(0).
1
Let l(r) be the first derivative of -2*r**2 - r**2 + 3062 - 3080. Calculate l(-1).
6
Let d(s) = s**2 + 2*s + 1. Let x be 2/7 - (10 - (-574)/(-49)). Determine d(x).
9
Let o(p) = p - 9. Let w be o(3). Suppose -5 = -s + 2*a, -20 = -3*s - s - a. Let f = s + w. Let d(l) = l. Determine d(f).
-1
Let l(u) = -u**2 - 5*u + 9. Let d be l(-5). Suppose -2*o + 5*y + 2 = 9, -4*o - d = -5*y. Let v(m) = -2*m**3 - m**2 + m + 1. Calculate v(o).
1
Let t(s) = 5*s**3 - 3*s + 8. Let a(m) = 2*m**3 - m**2 + 2. Let q(z) = -2*a(z) + t(z). Give q(-3).
4
Let a(u) = -5*u - 2. Let q(v) = 23*v + 17. Let d(l) = -8*l - 6. Let r(p) = 11*d(p) + 4*q(p). Let c(g) = -3*a(g) - 4*r(g). Determine c(-5).
3
Let s(j) = 3*j**3 - 9*j**2 - 3*j + 8. Let d(f) = -7*f**3 + 18*f**2 + 5*f - 16. Let u be 8 - ((-12)/3)/(-1). Let a(r) = u*d(r) + 9*s(r). Calculate a(-8).
0
Let n(z) = 25*z**2 - 10*z - 23. Let h(t) = -21*t**2 + 9*t + 22. Let k(q) = -6*h(q) - 5*n(q). Calculate k(5).
-12
Let x(u) = -u**2 + u + 1. Let r be 0/(2 + (2 - 3)). Suppose -3*i + f + 1 = -4, r = 4*i + 2*f + 10. Suppose i = 2*p - 4*p. Give x(p).
1
Let j(z) = 5*z + 15*z + z**3 - 6*z**2 - 7*z**2 - 10 - 19*z. Calculate j(13).
3
Let r(l) = -l**2 + 14*l + 4. Let t(f) = 3*f + 1. Let n(w) = 2*r(w) - 9*t(w). What is n(-2)?
-11
Let i be -2*(-2)/(-8) + (-1470)/(-196). Let l(h) = 2*h**2 - 15*h - 8. Calculate l(i).
-15
Let r(o) be the first derivative of -o**3 + 2*o**2 - 2*o + 2. Suppose 5*t + 12 = 22. Calculate r(t).
-6
Let d(x) = -4 - 2 - x**2 - x**2 - 4*x + 3*x**2. Suppose -11*g + 8*g + 12 = 0. Suppose 25 = g*v + v. What is d(v)?
-1
Let p(g) = -g**2 + g - 2. Let z be (-222)/10 + (-10)/(-50). Let f = z + 22. Calculate p(f).
-2
Let y(a) = a + 1. Let w(h) = -5*h - 4. Let i(l) = -w(l) - 2*y(l). Let u be 1/(((-10)/8)/5). Let o be -8 - (1 + u - 0). Determine i(o).
-13
Let y(l) be the first derivative of -l**2/2 - 5. Suppose 2*j + 55 = 5*h - 0*h, 4*j = 3*h - 47. Suppose -w - h = -4. Determine y(w).
5
Let j be ((3 - 3)/2)/(-2). Suppose -2*f + j = -5*n - 14, 0 = -f - n + 7. Suppose 0 = 4*r - 0*r - 5*b - f, 3*b + 1 = 4*r. Let w(s) = 6*s + 3. Calculate w(r).
-9
Let d = 9 - -16. Suppose 20*b - d*b + 10 = 0. Suppose -b*u = -4 + 2, 4*s = -4*u. Let w(q) = 4*q**3 - 2*q**2 + 1. Give w(s).
-5
Let n be (-106)/(-5) + (-8)/40. Suppose 4*b + n = 5. Let s be -1 + -1 + (b - -4). Let k(i) = i**3 + i**2 - i. What is k(s)?
-2
Let u(s) = -5*s**2 - 3*s - 3. Let d(m) = -m**2 - 6*m + 1. Let h = 6 + -12. Let x be d(h). Suppose -v - 1 = x. Give u(v).
-17
Let f(y) = -y + 3. Let d = 22 + 8. Suppose 5*w + 3*r + d = 0, -w = w + r + 12. Calculate f(w).
9
Let n(k) = 2*k + 3. Let z be (4 - (6 - -2))*1. Let s(a) = -3*a + 6. Let v be s(z). Suppose 15 = d + v. What is n(d)?
-3
Let n(h) = -1 + 4 - 3 + 4*h - 2. Let j(i) = -5*i + 2. Let k(z) = 3*j(z) + 4*n(z). Determine k(5).
3
Suppose -b - 4 = 0, -c + 2*b - 6*b = -87. Let m = c - 104. Let i(h) = 4*h. Determine i(m).
-4
Let a(q) = -6*q - 22. Let k(i) = -2*i - 10. Let x(h) = 2*a(h) - 5*k(h). What is x(2)?
2
Let k(v) be the second derivative of -v**4/24 + 3*v**3/2 + 7*v**2/2 + 13*v. Let l(m) be the first derivative of k(m). Give l(8).
1
Let w(q) = -q**3 - 5*q**2 - q + 5. Let k be w(-5). Let o be ((-12)/k)/(8/(-60)). Suppose 9 = -o*g + 8*g. Let n(r) = -r - 7. Determine n(g).
2
Let o(r) = -1 + 6 - 2*r + 3*r. Suppose 13*n - 29*n = -64. What is o(n)?
9
Let b = 543 + -547. Let y(l) = -l**2 + l + 14. Give y(b).
-6
Let h be (-2)/10 + (-3564)/405. Let t(q) = q**3 + 8*q**2 - 10*q - 14. What is t(h)?
-5
Let m(u) be the first derivative of 1/3*u**3 + 9/2*u**2 + 2 + 7*u. Determine m(-7).
-7
Suppose -292*d = -282*d + 40. Let x(a) = a**3 + 5*a**2 - 2*a - 7. Determine x(d).
17
Let a(o) be the first derivative of -o**4/4 + 11*o**3/3 - 19*o**2/2 + 16*o + 631. Give a(9).
7
Suppose -4*r - c - 24 = 0, 2*r + 1 = -c - 13. Let k(p) = p - 2. Determine k(r).
-7
Suppose 11*f - 16*f = -10. Let d = 9 - f. Let x(j) = j**3 - 8*j**2 + 8*j + 5. Calculate x(d).
12
Let o(l) = 2*l**2 - 16*l + 3. Let g be o(8). Let b(f) = -f**g + 11 + 2 + 6*f - 5*f + f**2 + 0*f. Determine b(0).
13
Let u(n) = 8*n**2 - n. Let p be 4/(-4)*5*8/(-10). Suppose -5 = p*g - 9. Give u(g).
7
Let d(s) be the first derivative of s**6/360 + s**5/30 + s**4/24 + 8*s**3/3 + 19. Let u(n) be the third derivative of d(n). Determine u(3).
22
Let r(d) be the first derivative of -d**4/2 - 17*d**3/3 - 2*d**2 + 26*d - 213. Determine r(-8).
-6
Let g(u) be the second derivative of -u**4/4 - u**3/6 + u**2/2 + 33*u. What is g(-2)?
-9
Let c(g) = g**2 - 6*g - 5. Let b be (-96)/80*2/(-3)*5. What is c(b)?
-13
Suppose -w + 3 = 1. Suppose 0 = n - w - 1. Let o be -2 - ((-6)/n - -3). Let u(j) = -j - 1. Give u(o).
2
Let r(f) be the third derivative of f**6/60 - f**5/30 - f**4/24 + 109*f**2. Give r(-1).
-3
Let d(k) be the third derivative of k**4/12 + 2*k**3/3 + 5*k**2 - 9*k. Give d(-3).
-2
Let m = 2 + 0. Let h be ((-186)/(-4))/(9/6). Let p(s) = 17 - h - 9*s + 16. What is p(m)?
-16
Suppose -2*j = -0*f - 3*f - 24, j = -4*f - 10. Let g be j/(-27) - 20/(-9). Let q(h) be the first derivative of h**4/4 + 2*h - 509. Give q(g).
10
Let q = 16 - 8. Let r be 0*(-4)/16 + q. Let p(t) = t**2 - 3*t + 8 - 5*t - t. Calculate p(r).
0
Let p(y) be the third derivative of -y**5/60 - y**4/24 + y**3/3 - 3*y**2 + 23*y. Calculate p(-3).
-4
Let t(u) be the third derivative of -u**5/60 + 2*u**3/3 + 10*u**2. Suppose -2*j = 2*j. Give t(j).
4
Let v(u) = -u**3 - 8*u**2 + 9*u - 12. Suppose -z - 2*z + 5*b = -3, -5 = -5*z - b. Suppose z = -a - 8. Calculate v(a).
-12
Suppose -3*s = s - 144. Let y = s - 40. Let v(q) be the third derivative of -q**6/120 - q**5/20 + q**4/24 - q**3/3 + q**2. Give v(y).
10
Let x(o) = o**2 + 2*o. Let f(v) be the third derivative of 5*v**3/6 - 5*v**2. Let h(d) = -4. Let g(r) = 3*f(r) + 4*h(r). Let u(k) = -2*g(k) + x(k). Give u(-3).
5
Let i(j) = j**3 - 1. Let k(t) = -6*t**3 - 7*t**2 - 5*t + 10. Let g(y) = 7*i(y) + k(y). What is g(7)?
-32
Let x(c) = 0 - 6*c**2 + 5*c**2 + 7*c + 2 - 5*c**2. Let g(k) = -k**2 + k. Let u(y) = 5*g(y) - x(y). Let f(p) be the first derivative of u(p). Give f(2).
2
Let t(v) = -4*v + 23. Let y(p) = -63*p + 387. Let w be y(6). What is t(w)?
-13
Let m(z) = z**3 + 23*z**2 - 5*z - 10. Let s(c) = -3*c**2 + c + 2. Let l(p) = m(p) + 6*s(p). C